{"id":177,"date":"2014-06-02T19:48:40","date_gmt":"2014-06-02T19:48:40","guid":{"rendered":"http:\/\/vps-1010643-453.mit-cloud.lu\/?page_id=177"},"modified":"2018-04-10T19:10:49","modified_gmt":"2018-04-10T17:10:49","slug":"segway-incentives","status":"publish","type":"page","link":"https:\/\/segwaytours.lu\/?page_id=177","title":{"rendered":"Segway &#038; Incentives"},"content":{"rendered":"<p><a href=\"http:\/\/vps-1010643-453.mit-cloud.lu\/wp-content\/uploads\/2014\/04\/P3305805.jpg\"><img loading=\"lazy\" decoding=\"async\" width=\"700\" height=\"525\" class=\"aligncenter size-large wp-image-176\" src=\"http:\/\/vps-1010643-453.mit-cloud.lu\/wp-content\/uploads\/2014\/04\/P3305805-700x525.jpg\" alt=\"Incentive\" srcset=\"https:\/\/segwaytours.lu\/wp-content\/uploads\/2014\/04\/P3305805-700x525.jpg 700w, https:\/\/segwaytours.lu\/wp-content\/uploads\/2014\/04\/P3305805-600x450.jpg 600w, https:\/\/segwaytours.lu\/wp-content\/uploads\/2014\/04\/P3305805-250x187.jpg 250w, https:\/\/segwaytours.lu\/wp-content\/uploads\/2014\/04\/P3305805-125x93.jpg 125w, https:\/\/segwaytours.lu\/wp-content\/uploads\/2014\/04\/P3305805-220x165.jpg 220w, https:\/\/segwaytours.lu\/wp-content\/uploads\/2014\/04\/P3305805.jpg 1024w\" sizes=\"(max-width: 700px) 100vw, 700px\" \/><\/a><\/p>\n<p>&nbsp;<\/p>\n<p>D\u00e9sirez-vous faire du Segway en Team-building ou en Incentives.<\/p>\n<p>Sous forme d&#8217;ateliers suivis de courtes balades , apprenez \u00e0 g\u00e9rer le Segway. que ce soit sur le plat, en mont\u00e9e, en descente&#8230; Vous vous essayerez aussi \u00e0 g\u00e9rer des d\u00e9vers et des dos d&#8217;\u00e2nes. Bref, plein d&#8217;exercices qui, lorsqu&#8217;ils sont faits en groupe susciteront encore plus l&#8217;int\u00e9r\u00eat de vos collaborateurs pour le Segway !<\/p>\n<p>Contactez-nous au +352 459945-201 pour discuter de votre projet et pour recevoir une quotation sur mesure.<\/p>\n","protected":false},"excerpt":{"rendered":"<p>&nbsp; D\u00e9sirez-vous faire du Segway en Team-building ou en Incentives. Sous forme d&#8217;ateliers suivis de courtes balades , apprenez \u00e0 g\u00e9rer le Segway. que ce soit sur le plat, en mont\u00e9e, en descente&#8230; Vous vous essayerez aussi \u00e0 g\u00e9rer des d\u00e9vers et des dos d&#8217;\u00e2nes. Bref, plein d&#8217;exercices qui, lorsqu&#8217;ils sont faits en groupe susciteront [&hellip;]<\/p>\n","protected":false},"author":2,"featured_media":0,"parent":0,"menu_order":0,"comment_status":"closed","ping_status":"open","template":"","meta":{"jetpack_post_was_ever_published":false,"footnotes":""},"class_list":["post-177","page","type-page","status-publish","hentry"],"yoast_head":"<!-- This site is optimized with the Yoast SEO plugin v23.4 - https:\/\/yoast.com\/wordpress\/plugins\/seo\/ -->\n<title>Segway &amp; Incentives - Segwaytours.lu<\/title>\n<meta name=\"robots\" content=\"index, follow, max-snippet:-1, max-image-preview:large, max-video-preview:-1\" \/>\n<link rel=\"canonical\" href=\"https:\/\/segwaytours.lu\/?page_id=177\" \/>\n<meta property=\"og:locale\" content=\"fr_FR\" \/>\n<meta property=\"og:type\" content=\"article\" \/>\n<meta property=\"og:title\" content=\"Segway &amp; Incentives - Segwaytours.lu\" \/>\n<meta property=\"og:description\" content=\"&nbsp; D\u00e9sirez-vous faire du Segway en Team-building ou en Incentives. Sous forme d&#8217;ateliers suivis de courtes balades , apprenez \u00e0 g\u00e9rer le Segway. que ce soit sur le plat, en mont\u00e9e, en descente&#8230; Vous vous essayerez aussi \u00e0 g\u00e9rer des d\u00e9vers et des dos d&#8217;\u00e2nes. Bref, plein d&#8217;exercices qui, lorsqu&#8217;ils sont faits en groupe susciteront [&hellip;]\" \/>\n<meta property=\"og:url\" content=\"https:\/\/segwaytours.lu\/?page_id=177\" \/>\n<meta property=\"og:site_name\" content=\"Segwaytours.lu\" \/>\n<meta property=\"article:modified_time\" content=\"2018-04-10T17:10:49+00:00\" \/>\n<meta property=\"og:image\" content=\"http:\/\/vps-1010643-453.mit-cloud.lu\/wp-content\/uploads\/2014\/04\/P3305805-700x525.jpg\" \/>\n<script type=\"application\/ld+json\" class=\"yoast-schema-graph\">{\"@context\":\"https:\/\/schema.org\",\"@graph\":[{\"@type\":\"WebPage\",\"@id\":\"https:\/\/segwaytours.lu\/?page_id=177\",\"url\":\"https:\/\/segwaytours.lu\/?page_id=177\",\"name\":\"Segway & Incentives - Segwaytours.lu\",\"isPartOf\":{\"@id\":\"https:\/\/segwaytours.lu\/#website\"},\"primaryImageOfPage\":{\"@id\":\"https:\/\/segwaytours.lu\/?page_id=177#primaryimage\"},\"image\":{\"@id\":\"https:\/\/segwaytours.lu\/?page_id=177#primaryimage\"},\"thumbnailUrl\":\"http:\/\/vps-1010643-453.mit-cloud.lu\/wp-content\/uploads\/2014\/04\/P3305805-700x525.jpg\",\"datePublished\":\"2014-06-02T19:48:40+00:00\",\"dateModified\":\"2018-04-10T17:10:49+00:00\",\"breadcrumb\":{\"@id\":\"https:\/\/segwaytours.lu\/?page_id=177#breadcrumb\"},\"inLanguage\":\"fr-FR\",\"potentialAction\":[{\"@type\":\"ReadAction\",\"target\":[\"https:\/\/segwaytours.lu\/?page_id=177\"]}]},{\"@type\":\"ImageObject\",\"inLanguage\":\"fr-FR\",\"@id\":\"https:\/\/segwaytours.lu\/?page_id=177#primaryimage\",\"url\":\"http:\/\/vps-1010643-453.mit-cloud.lu\/wp-content\/uploads\/2014\/04\/P3305805-700x525.jpg\",\"contentUrl\":\"http:\/\/vps-1010643-453.mit-cloud.lu\/wp-content\/uploads\/2014\/04\/P3305805-700x525.jpg\"},{\"@type\":\"BreadcrumbList\",\"@id\":\"https:\/\/segwaytours.lu\/?page_id=177#breadcrumb\",\"itemListElement\":[{\"@type\":\"ListItem\",\"position\":1,\"name\":\"Home\",\"item\":\"https:\/\/segwaytours.lu\/\"},{\"@type\":\"ListItem\",\"position\":2,\"name\":\"Segway &#038; Incentives\"}]},{\"@type\":\"WebSite\",\"@id\":\"https:\/\/segwaytours.lu\/#website\",\"url\":\"https:\/\/segwaytours.lu\/\",\"name\":\"Segwaytours.lu\",\"description\":\"Segwaytours Luxembourg\",\"potentialAction\":[{\"@type\":\"SearchAction\",\"target\":{\"@type\":\"EntryPoint\",\"urlTemplate\":\"https:\/\/segwaytours.lu\/?s={search_term_string}\"},\"query-input\":{\"@type\":\"PropertyValueSpecification\",\"valueRequired\":true,\"valueName\":\"search_term_string\"}}],\"inLanguage\":\"fr-FR\"}]}<\/script>\n<!-- \/ Yoast SEO plugin. -->","yoast_head_json":{"title":"Segway & Incentives - Segwaytours.lu","robots":{"index":"index","follow":"follow","max-snippet":"max-snippet:-1","max-image-preview":"max-image-preview:large","max-video-preview":"max-video-preview:-1"},"canonical":"https:\/\/segwaytours.lu\/?page_id=177","og_locale":"fr_FR","og_type":"article","og_title":"Segway & Incentives - Segwaytours.lu","og_description":"&nbsp; D\u00e9sirez-vous faire du Segway en Team-building ou en Incentives. Sous forme d&#8217;ateliers suivis de courtes balades , apprenez \u00e0 g\u00e9rer le Segway. que ce soit sur le plat, en mont\u00e9e, en descente&#8230; Vous vous essayerez aussi \u00e0 g\u00e9rer des d\u00e9vers et des dos d&#8217;\u00e2nes. Bref, plein d&#8217;exercices qui, lorsqu&#8217;ils sont faits en groupe susciteront [&hellip;]","og_url":"https:\/\/segwaytours.lu\/?page_id=177","og_site_name":"Segwaytours.lu","article_modified_time":"2018-04-10T17:10:49+00:00","og_image":[{"url":"http:\/\/vps-1010643-453.mit-cloud.lu\/wp-content\/uploads\/2014\/04\/P3305805-700x525.jpg"}],"schema":{"@context":"https:\/\/schema.org","@graph":[{"@type":"WebPage","@id":"https:\/\/segwaytours.lu\/?page_id=177","url":"https:\/\/segwaytours.lu\/?page_id=177","name":"Segway & Incentives - Segwaytours.lu","isPartOf":{"@id":"https:\/\/segwaytours.lu\/#website"},"primaryImageOfPage":{"@id":"https:\/\/segwaytours.lu\/?page_id=177#primaryimage"},"image":{"@id":"https:\/\/segwaytours.lu\/?page_id=177#primaryimage"},"thumbnailUrl":"http:\/\/vps-1010643-453.mit-cloud.lu\/wp-content\/uploads\/2014\/04\/P3305805-700x525.jpg","datePublished":"2014-06-02T19:48:40+00:00","dateModified":"2018-04-10T17:10:49+00:00","breadcrumb":{"@id":"https:\/\/segwaytours.lu\/?page_id=177#breadcrumb"},"inLanguage":"fr-FR","potentialAction":[{"@type":"ReadAction","target":["https:\/\/segwaytours.lu\/?page_id=177"]}]},{"@type":"ImageObject","inLanguage":"fr-FR","@id":"https:\/\/segwaytours.lu\/?page_id=177#primaryimage","url":"http:\/\/vps-1010643-453.mit-cloud.lu\/wp-content\/uploads\/2014\/04\/P3305805-700x525.jpg","contentUrl":"http:\/\/vps-1010643-453.mit-cloud.lu\/wp-content\/uploads\/2014\/04\/P3305805-700x525.jpg"},{"@type":"BreadcrumbList","@id":"https:\/\/segwaytours.lu\/?page_id=177#breadcrumb","itemListElement":[{"@type":"ListItem","position":1,"name":"Home","item":"https:\/\/segwaytours.lu\/"},{"@type":"ListItem","position":2,"name":"Segway &#038; Incentives"}]},{"@type":"WebSite","@id":"https:\/\/segwaytours.lu\/#website","url":"https:\/\/segwaytours.lu\/","name":"Segwaytours.lu","description":"Segwaytours Luxembourg","potentialAction":[{"@type":"SearchAction","target":{"@type":"EntryPoint","urlTemplate":"https:\/\/segwaytours.lu\/?s={search_term_string}"},"query-input":{"@type":"PropertyValueSpecification","valueRequired":true,"valueName":"search_term_string"}}],"inLanguage":"fr-FR"}]}},"jetpack_sharing_enabled":true,"jetpack_shortlink":"https:\/\/wp.me\/Pat8jx-2R","_links":{"self":[{"href":"https:\/\/segwaytours.lu\/index.php?rest_route=\/wp\/v2\/pages\/177"}],"collection":[{"href":"https:\/\/segwaytours.lu\/index.php?rest_route=\/wp\/v2\/pages"}],"about":[{"href":"https:\/\/segwaytours.lu\/index.php?rest_route=\/wp\/v2\/types\/page"}],"author":[{"embeddable":true,"href":"https:\/\/segwaytours.lu\/index.php?rest_route=\/wp\/v2\/users\/2"}],"replies":[{"embeddable":true,"href":"https:\/\/segwaytours.lu\/index.php?rest_route=%2Fwp%2Fv2%2Fcomments&post=177"}],"version-history":[{"count":1,"href":"https:\/\/segwaytours.lu\/index.php?rest_route=\/wp\/v2\/pages\/177\/revisions"}],"predecessor-version":[{"id":2127,"href":"https:\/\/segwaytours.lu\/index.php?rest_route=\/wp\/v2\/pages\/177\/revisions\/2127"}],"wp:attachment":[{"href":"https:\/\/segwaytours.lu\/index.php?rest_route=%2Fwp%2Fv2%2Fmedia&parent=177"}],"curies":[{"name":"wp","href":"https:\/\/api.w.org\/{rel}","templated":true}]}}