{"id":1359,"date":"2016-01-20T11:21:41","date_gmt":"2016-01-20T10:21:41","guid":{"rendered":"https:\/\/segwaytours.lu\/?page_id=1359"},"modified":"2025-05-20T10:32:07","modified_gmt":"2025-05-20T08:32:07","slug":"segway-dans-la-neige","status":"publish","type":"page","link":"https:\/\/segwaytours.lu\/?page_id=1359","title":{"rendered":"Segway dans la neige"},"content":{"rendered":"<p><strong>Petit journal de notre WEEK-END ENNEIG\u00c9 en Segway&#8230;<br \/>\n<\/strong><\/p>\n<p>Si vous n&#8217;\u00e9tiez pas avec nous, voil\u00e0 tout ce que vous avez manqu\u00e9 !<br \/>\nAfin de pr\u00e9parer au mieux notre premier week-end Segway Snow, nous sommes partis le jeudi 14\/01. Nous avons pu ainsi faire un tour dans le village et nous rem\u00e9morer les chemins&#8230;<br \/>\nLe vendredi 15\/01, c&#8217;est vers 15:00 que nos amis luxembourgeois sont arriv\u00e9s \u00e0 l&#8217;H\u00f4tel du Pillon aux Diablerets (Suisse). Juste le temps pour eux de s&#8217;installer dans leurs chambres, de sauter dans leurs tenues de ski et hop, en route pour une 1e sortie en Segway pour leur montrer le village des Diablerets. Sans oublier le passage oblig\u00e9 au stand de vin chaud !<br \/>\nLe soir, d\u00eener convivial \u00e0 l&#8217;h\u00f4tel, avec un plat typiquement Suisse : le papet vaudois, cuisin\u00e9 par Mich\u00e8le et Francis.<br \/>\nLa nuit fut propice aux chutes de neige et le samedi matin, il y avait effectivement pr\u00e8s de 20 cm de neige suppl\u00e9mentaire ! Que du bonheur&#8230;<br \/>\nA 11:00, tout le monde sur le pont pour notre 2e sortie. En route pour prendre les chemins enneig\u00e9s qui croisent parfois les pistes de ski de fond, qui rejoignent les chalets les plus \u00e9loign\u00e9s et offrent une vue imprenable sur le village des Diablerets. L&#8217;endroit id\u00e9al pour une pause &#8216;mirabelle&#8217; pour r\u00e9chauffer les plus frileux, adoucir la gorge, faire des photos-souvenir et parler de nos sensations nouvelles avec nos Segway \u00e9quip\u00e9s de cha\u00eenes neige.<br \/>\n<a href=\"https:\/\/segwaytours.lu\/wp-content\/uploads\/2016\/01\/IMG_0134.jpg\"><img loading=\"lazy\" decoding=\"async\" width=\"250\" height=\"333\" class=\"aligncenter size-medium wp-image-1364\" src=\"https:\/\/segwaytours.lu\/wp-content\/uploads\/2016\/01\/IMG_0134-250x333.jpg\" alt=\"IMG_0134\" srcset=\"https:\/\/segwaytours.lu\/wp-content\/uploads\/2016\/01\/IMG_0134-250x333.jpg 250w, https:\/\/segwaytours.lu\/wp-content\/uploads\/2016\/01\/IMG_0134-600x800.jpg 600w, https:\/\/segwaytours.lu\/wp-content\/uploads\/2016\/01\/IMG_0134-700x933.jpg 700w, https:\/\/segwaytours.lu\/wp-content\/uploads\/2016\/01\/IMG_0134-125x167.jpg 125w, https:\/\/segwaytours.lu\/wp-content\/uploads\/2016\/01\/IMG_0134-220x293.jpg 220w, https:\/\/segwaytours.lu\/wp-content\/uploads\/2016\/01\/IMG_0134.jpg 1536w\" sizes=\"(max-width: 250px) 100vw, 250px\" \/><\/a><br \/>\nPuis retour au c\u0153ur du village pour notre rendez-vous au Restaurant La Grange o\u00f9 Giovanni nous attendait les bras ouverts. Quelle ne fut pas notre surprise de d\u00e9couvrir l&#8217;accueil qu&#8217;il nous r\u00e9servait! : petite salle privatis\u00e9e, chemin\u00e9e aux b\u00fbches ardentes (Marco fut d\u00e9sign\u00e9 pour maintenir le feu), et coupe de Prosecco offerte. Ensuite, nous avons eu le droit \u00e0 un menu gastronomique inattendu, avec filet de rouget, spaghetti St Jacques, Tortelloni et \u0153uf poch\u00e9, tagliatelle \u00e9minc\u00e9 de cerf, puis filet de b\u0153uf tendre, filet de thon rouge, et sorbet poire pour finir. C&#8217;\u00e9tait un vrai r\u00e9gal et chaque plat qu&#8217;il nous servait \u00e9tait toujours une joyeuse surprise, que nos amis luxembourgeois ont tr\u00e8s appr\u00e9ci\u00e9e ! Ce n&#8217;est que vers 15:00 que nous avons quitt\u00e9 \u00e0 regret Giovanni pour rentrer enfin \u00e0 l&#8217;h\u00f4tel&#8230; Avant de se pr\u00e9parer pour la sortie nocturne de 18:30 !<br \/>\n\u00c9quip\u00e9s de lampes frontales, \u00e0 la queue leuleu, nous voici repartis pour la 3e sortie du week-end ! L\u00e0, dans le noir avec son seul faisceau lumineux pour \u00e9clairer le chemin, on a beau \u00eatre plusieurs les uns derri\u00e8re les autres, on se retrouve tout seul sur son Segway et chacun est tr\u00e8s concentr\u00e9. Les chemins deviennent immacul\u00e9s et d\u00e9sert\u00e9s, le bois silencieux, les sensations en Segway d\u00e9multipli\u00e9es et les rencontres surprenantes puisque nous avons crois\u00e9 la route de randonneurs de nuit, \u00e9quip\u00e9s aussi de lampes frontales et qui nous regardaient passer dans la nuit noire. Puis, avant que le froid ne se fasse ressentir, petite pause Mirabelle pour le plus grand bonheur de Netty&#8230; et des autres !<\/p>\n<p><a href=\"https:\/\/segwaytours.lu\/wp-content\/uploads\/2016\/01\/IMG_0081.jpg\"><img loading=\"lazy\" decoding=\"async\" width=\"250\" height=\"333\" class=\"aligncenter size-medium wp-image-1365\" src=\"https:\/\/segwaytours.lu\/wp-content\/uploads\/2016\/01\/IMG_0081-250x333.jpg\" alt=\"IMG_0081\" srcset=\"https:\/\/segwaytours.lu\/wp-content\/uploads\/2016\/01\/IMG_0081-250x333.jpg 250w, https:\/\/segwaytours.lu\/wp-content\/uploads\/2016\/01\/IMG_0081-600x800.jpg 600w, https:\/\/segwaytours.lu\/wp-content\/uploads\/2016\/01\/IMG_0081-700x933.jpg 700w, https:\/\/segwaytours.lu\/wp-content\/uploads\/2016\/01\/IMG_0081-125x167.jpg 125w, https:\/\/segwaytours.lu\/wp-content\/uploads\/2016\/01\/IMG_0081-220x293.jpg 220w, https:\/\/segwaytours.lu\/wp-content\/uploads\/2016\/01\/IMG_0081.jpg 1536w\" sizes=\"(max-width: 250px) 100vw, 250px\" \/><\/a><br \/>\nDe retour \u00e0 l&#8217;h\u00f4tel, pas de r\u00e9pit : juste le temps de prendre une douche puis rendez-vous au salon pour un ap\u00e9ro bien m\u00e9rit\u00e9 autour de la chemin\u00e9e, avant de passer \u00e0 table o\u00f9 la d\u00e9licieuse \u00b4fondue au fromage moiti\u00e9-moiti\u00e9&#8217; de Francis nous attendait.<\/p>\n<p><a href=\"https:\/\/segwaytours.lu\/wp-content\/uploads\/2016\/01\/IMG_0116.jpg\"><img loading=\"lazy\" decoding=\"async\" width=\"250\" height=\"188\" class=\"aligncenter size-medium wp-image-1366\" src=\"https:\/\/segwaytours.lu\/wp-content\/uploads\/2016\/01\/IMG_0116-250x188.jpg\" alt=\"IMG_0116\" srcset=\"https:\/\/segwaytours.lu\/wp-content\/uploads\/2016\/01\/IMG_0116-250x188.jpg 250w, https:\/\/segwaytours.lu\/wp-content\/uploads\/2016\/01\/IMG_0116-600x450.jpg 600w, https:\/\/segwaytours.lu\/wp-content\/uploads\/2016\/01\/IMG_0116-700x525.jpg 700w, https:\/\/segwaytours.lu\/wp-content\/uploads\/2016\/01\/IMG_0116-125x94.jpg 125w, https:\/\/segwaytours.lu\/wp-content\/uploads\/2016\/01\/IMG_0116-220x165.jpg 220w, https:\/\/segwaytours.lu\/wp-content\/uploads\/2016\/01\/IMG_0116.jpg 2048w\" sizes=\"(max-width: 250px) 100vw, 250px\" \/><\/a><br \/>\nPuis vint le dimanche, dernier jour de notre week-end enneig\u00e9&#8230; Il a fallu faire les valises mais personne n&#8217;\u00e9tait triste car nous avions rendez-vous \u00e0 10h pour notre derni\u00e8re sortie en Segway. La neige tombait depuis la veille au soir et tombait encore et toujours quand nous sommes partis en balade. Le tour que nous avions pr\u00e9vu et qui nous emmenait sur les hauteurs des Diablerets par le chemin du Lavanchy n&#8217;a donc pas pu se faire tant la neige \u00e9tait abondante et les nuages bas. Mais nous n&#8217;\u00e9tions pas d\u00e9pourvu de circuits&#8230; D&#8217;ailleurs, nous avons fait un superbe tour avec des paysages de cartes postales, des nouveaux chemins, avec quelques difficult\u00e9s sympathiques, que nous avons pu surmonter avec l&#8217;aide (indispensable) d&#8217;Andr\u00e9, notre instructeur Segway et guide du week-end. \u00c9tant la derni\u00e8re sortie, c&#8217;\u00e9tait aussi l&#8217;occasion de faire nos derni\u00e8res photos de groupe dans une franche rigolade. Puis fut venu le temps de rentrer d\u00e9finitivement \u00e0 l&#8217;h\u00f4tel pour plier bagage mais comme on n&#8217;avait pas envie de se quitter comme \u00e7a, nous sommes tous all\u00e9s jusqu&#8217;au village pour manger un bout avant de se dire au revoir et de se serrer dans les bras&#8230;<br \/>\nMerci \u00e0 Francis, Mich\u00e8le et Naomi de l&#8217;h\u00f4tel du Pillon Merci \u00e0 Giovanni du Restaurant de la Grange Et Surtout merci \u00e0 Simone &amp; Ronny, \u00e0 Marco &amp; Netty1, \u00e0 Alain &amp; Netty2 pour leur bonne humeur, leur joie de vivre, leur amiti\u00e9, et sans qui ce week-end ENNEIG\u00c9 n&#8217;aurait pas \u00e9t\u00e9 aussi joyeux !<\/p>\n<p><a href=\"https:\/\/segwaytours.lu\/wp-content\/uploads\/2016\/01\/IMG_4868.jpg\"><img loading=\"lazy\" decoding=\"async\" width=\"250\" height=\"188\" class=\"aligncenter size-medium wp-image-1373\" src=\"https:\/\/segwaytours.lu\/wp-content\/uploads\/2016\/01\/IMG_4868-250x188.jpg\" alt=\"IMG_4868\" srcset=\"https:\/\/segwaytours.lu\/wp-content\/uploads\/2016\/01\/IMG_4868-250x188.jpg 250w, https:\/\/segwaytours.lu\/wp-content\/uploads\/2016\/01\/IMG_4868-600x450.jpg 600w, https:\/\/segwaytours.lu\/wp-content\/uploads\/2016\/01\/IMG_4868-700x525.jpg 700w, https:\/\/segwaytours.lu\/wp-content\/uploads\/2016\/01\/IMG_4868-125x94.jpg 125w, https:\/\/segwaytours.lu\/wp-content\/uploads\/2016\/01\/IMG_4868-220x165.jpg 220w\" sizes=\"(max-width: 250px) 100vw, 250px\" \/><\/a><\/p>\n","protected":false},"excerpt":{"rendered":"<p>Petit journal de notre WEEK-END ENNEIG\u00c9 en Segway&#8230; Si vous n&#8217;\u00e9tiez pas avec nous, voil\u00e0 tout ce que vous avez manqu\u00e9 ! Afin de pr\u00e9parer au mieux notre premier week-end Segway Snow, nous sommes partis le jeudi 14\/01. Nous avons pu ainsi faire un tour dans le village et nous rem\u00e9morer les chemins&#8230; Le vendredi [&hellip;]<\/p>\n","protected":false},"author":2,"featured_media":0,"parent":0,"menu_order":0,"comment_status":"closed","ping_status":"open","template":"","meta":{"jetpack_post_was_ever_published":false,"footnotes":""},"class_list":["post-1359","page","type-page","status-publish","hentry"],"yoast_head":"<!-- This site is optimized with the Yoast SEO plugin v23.4 - https:\/\/yoast.com\/wordpress\/plugins\/seo\/ -->\n<title>Segway dans la neige - Segwaytours.lu<\/title>\n<meta name=\"robots\" content=\"index, follow, max-snippet:-1, max-image-preview:large, max-video-preview:-1\" \/>\n<link rel=\"canonical\" href=\"https:\/\/segwaytours.lu\/?page_id=1359\" \/>\n<meta property=\"og:locale\" content=\"fr_FR\" \/>\n<meta property=\"og:type\" content=\"article\" \/>\n<meta property=\"og:title\" content=\"Segway dans la neige - Segwaytours.lu\" \/>\n<meta property=\"og:description\" content=\"Petit journal de notre WEEK-END ENNEIG\u00c9 en Segway&#8230; Si vous n&#8217;\u00e9tiez pas avec nous, voil\u00e0 tout ce que vous avez manqu\u00e9 ! Afin de pr\u00e9parer au mieux notre premier week-end Segway Snow, nous sommes partis le jeudi 14\/01. Nous avons pu ainsi faire un tour dans le village et nous rem\u00e9morer les chemins&#8230; Le vendredi [&hellip;]\" \/>\n<meta property=\"og:url\" content=\"https:\/\/segwaytours.lu\/?page_id=1359\" \/>\n<meta property=\"og:site_name\" content=\"Segwaytours.lu\" \/>\n<meta property=\"article:modified_time\" content=\"2025-05-20T08:32:07+00:00\" \/>\n<meta property=\"og:image\" content=\"https:\/\/segwaytours.lu\/wp-content\/uploads\/2016\/01\/IMG_0134-250x333.jpg\" \/>\n<meta name=\"twitter:label1\" content=\"Dur\u00e9e de lecture estim\u00e9e\" \/>\n\t<meta name=\"twitter:data1\" content=\"5 minutes\" \/>\n<script type=\"application\/ld+json\" class=\"yoast-schema-graph\">{\"@context\":\"https:\/\/schema.org\",\"@graph\":[{\"@type\":\"WebPage\",\"@id\":\"https:\/\/segwaytours.lu\/?page_id=1359\",\"url\":\"https:\/\/segwaytours.lu\/?page_id=1359\",\"name\":\"Segway dans la neige - Segwaytours.lu\",\"isPartOf\":{\"@id\":\"https:\/\/segwaytours.lu\/#website\"},\"primaryImageOfPage\":{\"@id\":\"https:\/\/segwaytours.lu\/?page_id=1359#primaryimage\"},\"image\":{\"@id\":\"https:\/\/segwaytours.lu\/?page_id=1359#primaryimage\"},\"thumbnailUrl\":\"https:\/\/segwaytours.lu\/wp-content\/uploads\/2016\/01\/IMG_0134-250x333.jpg\",\"datePublished\":\"2016-01-20T10:21:41+00:00\",\"dateModified\":\"2025-05-20T08:32:07+00:00\",\"breadcrumb\":{\"@id\":\"https:\/\/segwaytours.lu\/?page_id=1359#breadcrumb\"},\"inLanguage\":\"fr-FR\",\"potentialAction\":[{\"@type\":\"ReadAction\",\"target\":[\"https:\/\/segwaytours.lu\/?page_id=1359\"]}]},{\"@type\":\"ImageObject\",\"inLanguage\":\"fr-FR\",\"@id\":\"https:\/\/segwaytours.lu\/?page_id=1359#primaryimage\",\"url\":\"https:\/\/segwaytours.lu\/wp-content\/uploads\/2016\/01\/IMG_0134.jpg\",\"contentUrl\":\"https:\/\/segwaytours.lu\/wp-content\/uploads\/2016\/01\/IMG_0134.jpg\",\"width\":1536,\"height\":2048},{\"@type\":\"BreadcrumbList\",\"@id\":\"https:\/\/segwaytours.lu\/?page_id=1359#breadcrumb\",\"itemListElement\":[{\"@type\":\"ListItem\",\"position\":1,\"name\":\"Home\",\"item\":\"https:\/\/segwaytours.lu\/\"},{\"@type\":\"ListItem\",\"position\":2,\"name\":\"Segway dans la neige\"}]},{\"@type\":\"WebSite\",\"@id\":\"https:\/\/segwaytours.lu\/#website\",\"url\":\"https:\/\/segwaytours.lu\/\",\"name\":\"Segwaytours.lu\",\"description\":\"Segwaytours Luxembourg\",\"potentialAction\":[{\"@type\":\"SearchAction\",\"target\":{\"@type\":\"EntryPoint\",\"urlTemplate\":\"https:\/\/segwaytours.lu\/?s={search_term_string}\"},\"query-input\":{\"@type\":\"PropertyValueSpecification\",\"valueRequired\":true,\"valueName\":\"search_term_string\"}}],\"inLanguage\":\"fr-FR\"}]}<\/script>\n<!-- \/ Yoast SEO plugin. -->","yoast_head_json":{"title":"Segway dans la neige - Segwaytours.lu","robots":{"index":"index","follow":"follow","max-snippet":"max-snippet:-1","max-image-preview":"max-image-preview:large","max-video-preview":"max-video-preview:-1"},"canonical":"https:\/\/segwaytours.lu\/?page_id=1359","og_locale":"fr_FR","og_type":"article","og_title":"Segway dans la neige - Segwaytours.lu","og_description":"Petit journal de notre WEEK-END ENNEIG\u00c9 en Segway&#8230; Si vous n&#8217;\u00e9tiez pas avec nous, voil\u00e0 tout ce que vous avez manqu\u00e9 ! Afin de pr\u00e9parer au mieux notre premier week-end Segway Snow, nous sommes partis le jeudi 14\/01. Nous avons pu ainsi faire un tour dans le village et nous rem\u00e9morer les chemins&#8230; Le vendredi [&hellip;]","og_url":"https:\/\/segwaytours.lu\/?page_id=1359","og_site_name":"Segwaytours.lu","article_modified_time":"2025-05-20T08:32:07+00:00","og_image":[{"url":"https:\/\/segwaytours.lu\/wp-content\/uploads\/2016\/01\/IMG_0134-250x333.jpg"}],"twitter_misc":{"Dur\u00e9e de lecture estim\u00e9e":"5 minutes"},"schema":{"@context":"https:\/\/schema.org","@graph":[{"@type":"WebPage","@id":"https:\/\/segwaytours.lu\/?page_id=1359","url":"https:\/\/segwaytours.lu\/?page_id=1359","name":"Segway dans la neige - Segwaytours.lu","isPartOf":{"@id":"https:\/\/segwaytours.lu\/#website"},"primaryImageOfPage":{"@id":"https:\/\/segwaytours.lu\/?page_id=1359#primaryimage"},"image":{"@id":"https:\/\/segwaytours.lu\/?page_id=1359#primaryimage"},"thumbnailUrl":"https:\/\/segwaytours.lu\/wp-content\/uploads\/2016\/01\/IMG_0134-250x333.jpg","datePublished":"2016-01-20T10:21:41+00:00","dateModified":"2025-05-20T08:32:07+00:00","breadcrumb":{"@id":"https:\/\/segwaytours.lu\/?page_id=1359#breadcrumb"},"inLanguage":"fr-FR","potentialAction":[{"@type":"ReadAction","target":["https:\/\/segwaytours.lu\/?page_id=1359"]}]},{"@type":"ImageObject","inLanguage":"fr-FR","@id":"https:\/\/segwaytours.lu\/?page_id=1359#primaryimage","url":"https:\/\/segwaytours.lu\/wp-content\/uploads\/2016\/01\/IMG_0134.jpg","contentUrl":"https:\/\/segwaytours.lu\/wp-content\/uploads\/2016\/01\/IMG_0134.jpg","width":1536,"height":2048},{"@type":"BreadcrumbList","@id":"https:\/\/segwaytours.lu\/?page_id=1359#breadcrumb","itemListElement":[{"@type":"ListItem","position":1,"name":"Home","item":"https:\/\/segwaytours.lu\/"},{"@type":"ListItem","position":2,"name":"Segway dans la neige"}]},{"@type":"WebSite","@id":"https:\/\/segwaytours.lu\/#website","url":"https:\/\/segwaytours.lu\/","name":"Segwaytours.lu","description":"Segwaytours Luxembourg","potentialAction":[{"@type":"SearchAction","target":{"@type":"EntryPoint","urlTemplate":"https:\/\/segwaytours.lu\/?s={search_term_string}"},"query-input":{"@type":"PropertyValueSpecification","valueRequired":true,"valueName":"search_term_string"}}],"inLanguage":"fr-FR"}]}},"jetpack_sharing_enabled":true,"jetpack_shortlink":"https:\/\/wp.me\/Pat8jx-lV","_links":{"self":[{"href":"https:\/\/segwaytours.lu\/index.php?rest_route=\/wp\/v2\/pages\/1359"}],"collection":[{"href":"https:\/\/segwaytours.lu\/index.php?rest_route=\/wp\/v2\/pages"}],"about":[{"href":"https:\/\/segwaytours.lu\/index.php?rest_route=\/wp\/v2\/types\/page"}],"author":[{"embeddable":true,"href":"https:\/\/segwaytours.lu\/index.php?rest_route=\/wp\/v2\/users\/2"}],"replies":[{"embeddable":true,"href":"https:\/\/segwaytours.lu\/index.php?rest_route=%2Fwp%2Fv2%2Fcomments&post=1359"}],"version-history":[{"count":2,"href":"https:\/\/segwaytours.lu\/index.php?rest_route=\/wp\/v2\/pages\/1359\/revisions"}],"predecessor-version":[{"id":4518,"href":"https:\/\/segwaytours.lu\/index.php?rest_route=\/wp\/v2\/pages\/1359\/revisions\/4518"}],"wp:attachment":[{"href":"https:\/\/segwaytours.lu\/index.php?rest_route=%2Fwp%2Fv2%2Fmedia&parent=1359"}],"curies":[{"name":"wp","href":"https:\/\/api.w.org\/{rel}","templated":true}]}}